**2 + 16*q**2 - 4*q**2. What is i(3)?
-4
Suppose 0 = -r + 5*g + 1, -2*r - 11 = -4*r + g. Let m be 0 + 5/5*0. Let d(j) = m*j + 2*j - 3*j. Determine d(r).
-6
Let k(w) = -5*w + 14. Let x(d) = -4*d + 13. Let l(u) = -5*k(u) + 6*x(u). What is l(-4)?
4
Let c(v) be the second derivative of v**4/2 + v**2/2 - 2658*v. Let a be ((-1)/3)/((-1)/3). Determine c(a).
7
Let j be 3 - (-120)/35 - 6/14. Let a(k) = -j*k**2 + 9*k**2 - 4 - 3*k + 8. Give a(3).
22
Let a(l) = 3*l - 1. Let b(g) = -g - 1. Let v(p) = a(p) - b(p). Suppose -2*f + 54 = -20*f. What is v(f)?
-12
Suppose 0 = -3*k + 4*m - 6, 0 = -m + 1 + 2. Let y(n) = 0*n**k - 2*n + 6*n + 0*n - 3 - 2*n**2. Let t = 4 + -2. Give y(t).
-3
Let h(u) = -17*u. Let r(s) = 7*s + 1. Let m(q) = 2*h(q) + 6*r(q). Determine m(-4).
-26
Let z(w) = -3 - 2*w + 6*w + 2 - 3*w - 4*w**2. Let d(c) = -c + 11. Let y be d(12). Let v be y - -3*(-4)/(-6). Determine z(v).
-4
Let r(g) = g**3 + 6*g**2 + 4*g - 3. Let v(n) = 2*n**2 - 5. Suppose -4*o - 5*o + 2*o = 0. Let c be v(o). What is r(c)?
2
Suppose 2 = 3*s - 13. Let n(f) be the second derivative of -f**5/60 + f**4/8 + 11*f**3/6 + 14*f. Let d(b) be the second derivative of n(b). Give d(s).
-7
Let x = 6 + -6. Suppose -2*b = -x*b - 14. Let t(g) = -2*g + 10. Determine t(b).
-4
Let y(k) = 0*k + 172 - 176 + k. Suppose 2*o + 3*d = -6, -o - 2*d = 4*o + 15. Determine y(o).
-7
Let h(u) = -u**3 + 3*u**2 + 4*u + 2. Let l(y) = -9 - 2*y**2 + 6*y**2 - 3*y**2 - 12*y. Let d be l(13). Give h(d).
2
Let g = -36 - -42. Let n be g/(-2 - 0) + -3. Let s(x) = -x. Give s(n).
6
Let v(q) be the second derivative of 0 + 1/15*q**5 - 1/6*q**3 + 4*q + 3/2*q**2 + 0*q**4. Let n(c) be the first derivative of v(c). Give n(-1).
3
Let v = 42 - 63. Let j be (-36)/(-28) - 1 - (-48)/v. Let o(m) = -m - 1. Give o(j).
1
Let d(s) = -28*s. Let g be (78/36)/13 + (-21)/18. Calculate d(g).
28
Let t(d) = 663285*d**3 - d - 663288*d**3 + 1 + d. Let k = -6 - -4. Let m = -1 - k. What is t(m)?
-2
Let v(c) = -c**3 + 5*c**2 + c + 2. Let g(q) = 4*q**3 + 2*q**2 - 5*q + 4. Let z be -2*(28/8 - 4). Let d be g(z). Give v(d).
7
Let y(n) = 2*n + 3. Suppose 4*r - 24 - 8 = 0. Let q be r/(-6) + 104/24. Calculate y(q).
9
Let q(j) = -3*j + 9. Let g be q(-4). Let b = g - 21. Let c(f) = 5*f**2 - 7*f + 7. Let s(y) = 14*y**2 - 20*y + 21. Let n(h) = -17*c(h) + 6*s(h). Determine n(b).
7
Let h(n) = -n**3 - n - 1. Let q = -7 + 0. Let o(p) = 2*p + 15. Let j be o(q). Let l(r) = 2*r**3 - r**2 + 4*r - 5. Let m(f) = j*l(f) + 3*h(f). What is m(0)?
-8
Let i(t) = -t**2 + 4*t - 8. Suppose 174 = -2*r + 60*r. Determine i(r).
-5
Suppose -4*l + 21 = g, 4*l + 3*g = -0*l + 15. Let u = -6 + l. Let y(k) = -k**3 - k**2 + 3. Give y(u).
3
Let z(t) = 8*t - 1. Let d(y) = 7*y. Suppose -4*w + 8 = 0, -q + 4*q = 4*w + 7. Let f(l) = q*d(l) - 4*z(l). Determine f(-5).
-11
Let w(i) = i**3 + 16*i**2 + 16*i + 19. Suppose -20 = 4*r + 40. Let d be w(r). Let f(v) = -2*v + 2. What is f(d)?
-6
Let f(c) = -c + 17. Let o(u) = -2*u + 34. Let n(v) = -5*f(v) + 3*o(v). Let d be n(13). Let q(p) = -10 + 0*p - d*p + 3*p + 15. Give q(5).
0
Let j = -32 - -43. Let f(v) = -v**3 + 11*v**2 - 2*v + 7. Determine f(j).
-15
Let w = 20 + -21. Let c(l) = -24*l - 1. Determine c(w).
23
Let q(n) be the third derivative of -n**6/120 - n**4/24 - 2*n**3/3 + 2*n**2 - 16*n. What is q(-3)?
26
Let g be (-7)/(7/(-2))*13/2. Let b(a) = -g + 3*a + 18 - 12 - a. Give b(-6).
-19
Let v(n) = -n**3 - 2*n**2 - n + 2. Let z(d) = -7*d**2 + 35*d + 1. Let j be z(5). Calculate v(j).
-2
Let x(f) = -4*f + 652 - 664 + 2*f + f. What is x(0)?
-12
Suppose -i - 6 = 4*v, 3*i + 11 = -2*v + 3. Let x(t) = t**3 + 2*t**2 + t + 1. What is x(i)?
-1
Let p be 3 + 30/40 - (-2)/8. Let h(y) = -y**3 + 4*y**2 - 3*y - 2. What is h(p)?
-14
Suppose -3*i - 3*y + 20 = 2*y, 0 = i + y - 10. Suppose -2*p = -4*t + 3*p + 22, 3*p + i = 3*t. Let g(r) = -3*r + 2. Calculate g(t).
-7
Let i(y) = 7*y**2 + 11*y. Let p(g) = 20*g**2 + 32*g. Suppose -24 = 11*a - 15*a. Let m(c) = a*p(c) - 17*i(c). Calculate m(-3).
-6
Let b(i) = -i - 7. Let r(m) = -4*m - 20 + 3*m - 29*m**2 + 13*m**2 - m**3. Let z be r(-16). Determine b(z).
-3
Let k(w) = -557 + w**3 - 2*w**2 + 543 + w + 3*w**2. Let y(a) = a**2 + 5*a. Let b be y(-5). Calculate k(b).
-14
Let m(q) = -q**3 - q**2 + 8*q + 2. Let l be m(-3). Let i(k) be the third derivative of -k**4/24 - k**3/3 - 3*k**2. Determine i(l).
2
Suppose -12*j = 18*j + 180. Let u(c) = -3*c - 1. Give u(j).
17
Let m(x) be the second derivative of -1/3*x**3 - 20*x + 0 + 3*x**2. What is m(7)?
-8
Let f(c) = 2*c**2 + c - 1. Let i be f(1). Let s(g) = 3 - 4*g**2 + 8*g + 2 + 5*g**i. Let p be s(-7). Let o(a) = -3*a**2 - 3*a - 2. What is o(p)?
-8
Let r(j) = j**3 - j**2 + 4. Suppose z = -30*v + 33*v, -2*v = 0. What is r(z)?
4
Let r(y) be the second derivative of y**5/20 - y**4/2 + 2*y**3/3 - 2*y**2 - 14*y - 3. What is r(6)?
20
Let r(p) be the first derivative of -2*p**3/3 - 11*p**2/2 - 19*p + 203. Calculate r(-4).
-7
Suppose -4*b - 2 = -2*u, 6*b + 2*u = 2*b - 14. Let g = b - -6. Let w = 4 - g. Let l(x) = -x**2 - 4. Give l(w).
-4
Let l(n) be the second derivative of -1/6*n**3 - 1/30*n**5 + 0*n**2 - 10*n + 1/24*n**4 + 0. Let c(k) be the second derivative of l(k). Give c(-1).
5
Let r(k) = k**3 - 4*k**2 + 3*k - 4. Let o = -59 - -101. Let g be (-4)/14 - (-138)/o. Calculate r(g).
-4
Let t(q) = -10*q - 1. Let w be ((-4)/(-3))/(26/(-39)). What is t(w)?
19
Let r(v) = -v**2 + 3*v + 5. Let g be r(6). Suppose 3*n + 3*w = 51, w + 4 = 6*n - 91. Let o = n + g. Let c(l) = -3*l + 3. Determine c(o).
-6
Suppose 3 + 3 = f + u, -u = 2*f - 7. Let d(a) = -3*a - a**3 + 0 + f + 1 + 5*a**2. Determine d(3).
11
Let c(x) = -x**3 - 4*x**2 - 5*x - 4. Let o be c(-3). Suppose o*t = 4*q - 10, 0 = 4*q + t - 5*t - 4. Suppose q = 2*s - 0*s. Let h(b) = b. What is h(s)?
2
Let b(s) = 51 + s**2 - s - 111 + 45. Suppose -2*y + 2 = 0, -5*y + 1 = -x - 4. Determine b(x).
-15
Suppose 5*t + 2*d = 140, 4*t - 2*d + 60 = 190. Suppose 30 = -10*q - t. Let h(g) = -g. Determine h(q).
6
Suppose -263*d = -301*d - 228. Let u(l) = -l - 20. What is u(d)?
-14
Suppose -124*v + 10 = -127*v + 5*k, 2*v - 3*k = -5. Let x(l) = -2 + 1 + l**2 + 4*l**2 - l**3. Calculate x(v).
-1
Let z(l) = -l**2 + 4*l + 6. Suppose 0 = -6*b - 22*b + 84. Calculate z(b).
9
Let f(i) be the second derivative of i**6/120 - i**5/30 + i**4/8 - i**3/6 - 8*i**2 - 6*i. Let g(h) be the first derivative of f(h). Give g(2).
5
Let d(x) = x**2 + 4*x + 2. Let v be d(-4). Let o(l) = 2*l**v + 4*l**2 - 3*l**2 - 4*l**2 + 2. Give o(-3).
-7
Let u = -135 - -193. Let v = u + -59. Let p(x) = 17*x**3 + x**2. Determine p(v).
-16
Let y(f) be the first derivative of -f**5/60 - f**4/4 + 4*f**3/3 + 11*f**2/2 + 6. Let h(v) be the second derivative of y(v). Give h(-7).
1
Let l(g) = g**3 + 11*g**2 + 11*g + 13. Suppose -12 + 22 = 10*m. Let x(o) = -8*o**2 - 2*o. Let r be x(m). What is l(r)?
3
Let p(i) be the third derivative of -i**4/8 + i**3 - 2*i**2. Let d = -2724 + 2728. Determine p(d).
-6
Suppose 2*i = -5*m + 9*m + 20, -4*i = 3*m + 26. Let g(v) = v**2 + 2*v + 1. What is g(m)?
25
Suppose 0 = -2*n - 3*n. Suppose 6*m - 5*m = 5*t + 5, 5*t = 5. Let c(a) = 36*a**2 - a**3 + 7 + m - 3 - 37*a**2. Determine c(n).
14
Let k(c) be the first derivative of 1/12*c**4 - 1/6*c**3 + 1/20*c**5 + 3 + c**2 + 6*c. Let w(x) be the first derivative of k(x). Give w(2).
12
Let m(l) = -l**2 - 4*l + 5. Let o(h) = h**2 + 4*h - 5. Let x(k) = -5*m(k) - 6*o(k). Give x(-4).
5
Suppose 10 = -3*d + 4. Let g(r) be the first derivative of -7/2*r**2 - r - 2. Calculate g(d).
13
Let d(i) = i**3 + 4*i**2 + i. Let s be ((15 - 3)/(-3) - -1) + 0. Let c be d(s). Let t(h) = h**3 - 6*h**2 - h - 4. Give t(c).
-10
Let j(y) = -y**3 - y**2 + y. Let t(l) = -4*l**3 - 9*l**2 - 3*l - 1. Let w(o) = -5*j(o) + t(o). Calculate w(5).
-16
Let c(q) = -19*q**2 - q + 1. Let k be (-1)/2 - 21/(-14). Give c(k).
-19
Suppose 6*n = 3*d + 10*n + 6, d - 5*n + 2 = 0. Let w(z) be the third derivative of -z**5/15 + 8*z**2. Calculate w(d).
-16
Let z(q) = 2*q + 32. Let l(g) = -14*g**2 - 2*g + 2. Let x be l(1). Let w be z(x). Let f(d) = d**3 - 3*d**2 - d + 2. Determine f(w).
14
Suppose 229*o = 219*o + 60. Let b(u) = -u**3 + 7*u**2 + 9*u - 10. What is b(o)?
80
Let b(t) = 16*t**2 - t + 1. Let p be (3 - -7) + 3/(-1). Suppose -k + p = 6*k. Give b(k).
16
Suppose -7*d + 940 = 905. L